se 10, what is 3 + -1940?
-1937
In base 10, what is 2 - -1?
3
In base 10, what is 65 - 0?
65
In base 5, what is 32103 + 2?
32110
In base 6, what is -31 + -2214?
-2245
In base 8, what is 45 - -14?
61
In base 7, what is -155 - -3?
-152
In base 12, what is -4 + aa3?
a9b
In base 14, what is a + -13?
-7
In base 7, what is 254 - -1?
255
In base 16, what is 0 + 0?
0
In base 11, what is 1545 - 5?
1540
In base 16, what is -1141 + -1?
-1142
In base 3, what is 102111 - -10?
102121
In base 6, what is 3 + 533?
540
In base 15, what is -4 + 244?
240
In base 10, what is -12 - 8?
-20
In base 15, what is b7 - -7b?
143
In base 12, what is -5 - -702?
6b9
In base 5, what is -2 + 43?
41
In base 10, what is 4 - -4?
8
In base 11, what is -5 + 68?
63
In base 6, what is 5 + -234?
-225
In base 15, what is a - -20?
2a
In base 11, what is 1 + -374?
-373
In base 2, what is 111001011 + -100?
111000111
In base 3, what is 112 - -1?
120
In base 5, what is -1003 + -10?
-1013
In base 8, what is -555 - -2?
-553
In base 15, what is -3 - 40?
-43
In base 8, what is -1206 - -1?
-1205
In base 12, what is 581 - 4?
579
In base 14, what is -7372 + -4?
-7376
In base 8, what is 2 - -451?
453
In base 3, what is 120 - 11?
102
In base 3, what is 222 + -11?
211
In base 3, what is -20 + 22101?
22011
In base 2, what is 10000001 + 11?
10000100
In base 9, what is 1000 + 3?
1003
In base 9, what is -1 + -48?
-50
In base 5, what is -3 - 203?
-211
In base 4, what is 123 - 1111?
-322
In base 15, what is 1266 + 5?
126b
In base 9, what is 4 + 110?
114
In base 8, what is -5032 - 0?
-5032
In base 15, what is -b2a + -3?
-b2d
In base 11, what is 1 - 259?
-258
In base 7, what is -10 + 242?
232
In base 9, what is -8 + 151?
142
In base 12, what is -2 + 176?
174
In base 15, what is -277 - -d?
-269
In base 7, what is -11 - 31?
-42
In base 5, what is -11 - 422?
-433
In base 11, what is 381 + 3?
384
In base 9, what is 31 + -4?
26
In base 11, what is 445 + -5?
440
In base 15, what is -23 - -81?
5d
In base 12, what is 14 - 137?
-123
In base 7, what is -33 + 0?
-33
In base 3, what is 11 - 112112?
-112101
In base 6, what is -41 + -11?
-52
In base 11, what is 2500 - 1?
24aa
In base 16, what is 2 + 15?
17
In base 14, what is -1d + 7c?
5d
In base 14, what is -1 + 8?
7
In base 14, what is -6 + 85c?
856
In base 13, what is 2 + 187?
189
In base 15, what is -a - 68?
-73
In base 14, what is -2 - 20?
-22
In base 13, what is 244 - c?
235
In base 3, what is 12 + -121210?
-121121
In base 7, what is -2 - 361?
-363
In base 14, what is -121 - 3?
-124
In base 10, what is 4 + 3236?
3240
In base 14, what is -1d - 93?
-b2
In base 6, what is 30142 - -1?
30143
In base 9, what is 223 + -22?
201
In base 12, what is a1 + 2?
a3
In base 8, what is 4 + -121?
-115
In base 7, what is 24 + 64?
121
In base 15, what is 24 - -1e?
43
In base 12, what is 658 - 9?
64b
In base 16, what is -21b5 - 4?
-21b9
In base 14, what is 18 - 122?
-108
In base 2, what is 1000011010 + 11?
1000011101
In base 7, what is -241 + -51?
-322
In base 14, what is -66 + 110?
88
In base 15, what is 5 - -c12?
c17
In base 4, what is -120103 - -11?
-120032
In base 13, what is -69 + 3?
-66
In base 10, what is -1324 + 12?
-1312
In base 3, what is -122 + 20?
-102
In base 13, what is 3 - -6?
9
In base 13, what is -52 - -98?
46
In base 13, what is 1 - -30?
31
In base 6, what is -4 - 2011?
-2015
In base 9, what is 854 + 3?
857
In base 8, what is 10613 - 4?
10607
In base 14, what is -5 + 3d?
38
In base 12, what is 5 + -1?
4
In base 10, what is 5 + 113?
118
In base 5, what is 0 - -32?
32
In base 2, what is 1010011 + -101?
1001110
In base 5, what is -22023 - 21?
-22044
In base 5, what is -122 + -1000?
-1122
In base 16, what is -10a6b - 2?
-10a6d
In base 14, what is ba5 + 1?
ba6
In base 11, what is -1 - -125?
124
In base 6, what is 5 + -10?
-1
In base 3, what is 10001001 + 101?
10001102
In base 11, what is 111 + -4?
108
In base 14, what is 3 - -2b?
30
In base 4, what is -23 - 0?
-23
In base 16, what is -89 + e?
-7b
In base 5, what is -21 + -41?
-112
In base 12, what is -15 - -127?
112
In base 12, what is -1b + -7?
-26
In base 13, what is 1a - 4?
16
In base 12, what is 719 + -7?
712
In base 2, what is -101 - 111011111?
-111100100
In base 11, what is 2 + 3575?
3577
In base 10, what is 2188 + -2?
2186
In base 2, what is -100000000 + 101?
-11111011
In base 2, what is -100110 + 110000?
1010
In base 11, what is -108 + -1?
-109
In base 9, what is 788 + 1?
800
In base 2, what is 11 - 1010010000?
-1010001101
In base 2, what is -10100111010 - -1?
-10100111001
In base 8, what is -1212 - 0?
-1212
In base 14, what is 17 + -45?
-2c
In base 11, what is 313 + -5?
309
In base 7, what is 3 - 1324?
-1321
In base 7, what is -6 + 321?
312
In base 10, what is -5 - 1198?
-1203
In base 16, what is -35 - 0?
-35
In base 6, what is -5 + -2243?
-2252
In base 3, what is 11000 - -10?
11010
In base 5, what is -443 + 10?
-433
In base 14, what is -2 - -2?
0
In base 3, what is -1212212 - 1?
-1212220
In base 13, what is 3a - a?
30
In base 5, what is 1 - 2?
-1
In base 13, what is -12 - -2?
-10
In base 3, what is 10 + -100000?
-22220
In base 16, what is 80 - 4?
7c
In base 6, what is -2244 + 0?
-2244
In base 5, what is -2441 - 10?
-3001
In base 16, what is 1a1 - -2?
1a3
In base 2, what is -1001101100001 - -100?
-1001101011101
In base 11, what is a + -55?
-46
In base 6, what is 3 - 31511?
-31504
In base 9, what is -330 + 3?
-326
In base 2, what is 10111 + 1001?
100000
In base 9, what is -1410 - 1?
-1411
In base 6, what is -21 + 1240?
1215
In base 3, what is -1011 - 10220?
-12001
In base 4, what is -100 + 3222?
3122
In base 12, what is 301 - 9?
2b4
In base 3, what is 12120 - -100?
12220
In base 14, what is -b0d + -1?
-b10
In base 13, what is -588 - -2?
-586
In base 9, what is -3 + -410?
-413
In base 2, what is -11111010 - -11111?
-11011011
In base 6, what is -45 + 252?
203
In base 6, what is 154 + -5?
145
In base 2, what is -110 + 101?
-1
In base 12, what is -5 + -45a?
-463
In base 10, what is -3 + -89?
-92
In base 3, what is -20002 - 1210?
-21212
In base 16, what is -5 + 9a7?
9a2
In base 16, what is -2b - 2?
-2d
In base 13, what is -17bb - 3?
-17c1
In base 6, what is -11153 + -21?
-11214
In base 16, what is 5 + 107?
10c
In base 14, what is 175 - 2?
173
In base 3, what is 1002 - 10?
222
In base 15, what is -5b5 + -4?
-5b9
In base 6, what is -1 + 54?
53
In base 8, what is -123 - 11?
-134
In base 4, what is 31 + -100002?
-33311
In base 4, what is -3313 - 11?
-3330
In base 6, what is 13523 + -4?
13515
In base 3, what is 1000111000 - -10?
1000111010
In base 16, what is 1f - f?
10
In base 8, what is 57 + -101?
-22
In base 11, what is -6752 + 3?
-674a
In base 8, what is 31 + -21?
10
In base 2, what is -11111 + 101001101?
100101110
In base 5, what is 11 + 342?
403
In base 12, what is 5 - -b?
14
In base 8, what is 5 - -103?
110
In base 11, what is a + -625?
-616
In base 15, what is 905 - -5?
90a
In base 4, what is -3 + 1111?
1102
In base 3, what is -20201001 + 11?
-20200220
In base 8, what is -4664 + 4?
-4660
In base 2, what is 101111001101011 + 1?
101111001101100
In base 8, what is -3061 + 0?
-3061
In base 8, what is 2 - -253?
255
In base 11, what is -3 + 293?
290
In base 10, what is -51 - 1?
-52
In base 7, what is 161 - 20?
141
In base 5, what is 1342 - 2?
1340
In base 6, what is -20 - -155?
135
In base 15, what is 16 - 39?
-23
In base 6, what is 401323 + -1?
401322
In base 6, what is 4 + -44204?
-44200
In base 13, what is 1087 + 2?
1089
In base 9, what is -40 - 366?
-416
In base 15, what is 22 - -11?
33
In base 5, what is -22212 + -2?
-22214
In base 4, what is 10 - -13310?
13320
In base 5, what is 141 - -14?
210
In base 2, what is 1110 + 11111000?
100000110
In base 2, what is -10000 + -10100?
-100100
In base 15, what is -3e0 + -1?
-3e1
In base 2, what is 110001000 - 100?
110000100
In base 7, what is 303 - 4?
266
In base 13, what is -1 - 1a10?
-1a11
In base 2, what is -1010101101 + 100?
-1010101001
In base 16, what is -43a - 2?
-43c
In base 13, what is -a + 4?
-6
In base 8, what is 15 + 56?
73
In base 3, what is 12 - -1000111?
1000200
In base 8, what is 12312 + -5?
12305
In base 13, what is -5 + 57?
52
In base 8, what is -647 - 12?
-661
In base 11, what is 7 - 105?
-a9
In base 12, what is 2 + 2a1?
2a3
In base 10, what is -2 + 401?
3